+ 25855098?
25855102
In base 10, what is -77423 - 799?
-78222
In base 13, what is 505 - -96c0?
9bc5
In base 8, what is 175416632 - 5?
175416625
In base 3, what is 12100201122010 + 1202?
12100201200212
In base 14, what is -d + 13b020?
13b011
In base 2, what is 11101110010110 - 1110111100101010?
-1011001110010100
In base 15, what is 127eae6 - -2?
127eae8
In base 5, what is -4343 + 241302?
231404
In base 7, what is -464204553 - -5?
-464204545
In base 2, what is 1 - 10101000110010111101100?
-10101000110010111101011
In base 14, what is 62b + 1074d?
10d7a
In base 7, what is -2215341 - -5?
-2215333
In base 14, what is -4 + 48429b?
484297
In base 5, what is 3234 + -2113324?
-2110040
In base 5, what is -10 + 23220111344?
23220111334
In base 15, what is -12 + 1ae7514?
1ae7502
In base 3, what is 201110 + -11100212?
-10122102
In base 10, what is -1 - 19949629?
-19949630
In base 7, what is -56 + -31105101?
-31105160
In base 16, what is d7 + -1b883?
-1b7ac
In base 6, what is 10 + 331102?
331112
In base 12, what is -3 + -1266380?
-1266383
In base 6, what is -44414 - -1034?
-43340
In base 9, what is 1686 - -6180?
7876
In base 2, what is 10010110001001 + -1000111100?
10001101001101
In base 9, what is 2564802231 - 1?
2564802230
In base 5, what is -233 + 1424140423?
1424140140
In base 7, what is -2 - 32261636?
-32261641
In base 5, what is -232041 + 1324321?
1042230
In base 14, what is 69449 + -7c?
693ab
In base 13, what is -2398b8 + 6c?
-239849
In base 8, what is 5 + 7254664?
7254671
In base 3, what is 2022011221202 - -1?
2022011221210
In base 11, what is 3 - -2469522?
2469525
In base 4, what is -11330 + -333031133?
-333103123
In base 13, what is 2 - 233998?
-233996
In base 11, what is 0 + 520786?
520786
In base 15, what is 1a9 + -2272c?
-22573
In base 6, what is 451200 - 4432?
442324
In base 9, what is 3845 + 1610?
5555
In base 8, what is -114515 - 22443?
-137160
In base 4, what is 320110 - 123031?
131013
In base 9, what is 202342 + -153?
202178
In base 2, what is 0 - -1011100011110010100111101000?
1011100011110010100111101000
In base 9, what is 34052138 - -3?
34052142
In base 13, what is -2629c + -19?
-262b8
In base 2, what is -10101110000011010 - -11100010010?
-10101010100001000
In base 4, what is -3010302 - 33130?
-3110032
In base 14, what is -372a649 + -3?
-372a64c
In base 13, what is -368 + 28b9a?
28832
In base 2, what is -11 - -11011100010001100111110111?
11011100010001100111110100
In base 8, what is -2354344 - -261?
-2354063
In base 16, what is 137efae + 5?
137efb3
In base 13, what is 0 + -4505c16?
-4505c16
In base 9, what is 1082163 + -27?
1082135
In base 10, what is -2266 + 23600?
21334
In base 16, what is 364 + -19f7?
-1693
In base 3, what is -1211221020122012 + -2?
-1211221020122021
In base 7, what is -240436 + 206?
-240230
In base 8, what is 13651465 + 5?
13651472
In base 3, what is 111101222221 + 2202?
111102002200
In base 10, what is 3 - -34124946?
34124949
In base 2, what is -111011111101111110 + 1101?
-111011111101110001
In base 15, what is 1 + 986642a?
986642b
In base 9, what is -37484548 + -6?
-37484555
In base 12, what is 4 - -4722932?
4722936
In base 2, what is 100101010010010000010110 + 10000?
100101010010010000100110
In base 5, what is 10401400204 - -23?
10401400232
In base 9, what is 264580043 - -2?
264580045
In base 10, what is 8539571 - -2?
8539573
In base 3, what is 10 - -21201102000120001?
21201102000120011
In base 8, what is 735335777 - 2?
735335775
In base 2, what is -1000001010101 - -1000111010011?
101111110
In base 4, what is -20011212013 + 13?
-20011212000
In base 2, what is 0 - -1110000111111110010101000?
1110000111111110010101000
In base 4, what is 20023 + 312123203?
312203232
In base 15, what is -c92 + 88b5?
7b23
In base 11, what is 90565 + -36?
9052a
In base 13, what is 1 - -11a29795?
11a29796
In base 7, what is -2334531 - -3150?
-2331351
In base 12, what is -8a + 39308?
3923a
In base 8, what is -10320770 - -120?
-10320650
In base 15, what is 1d1a9b + 4c?
1d1ae8
In base 15, what is -412c - 26aa?
-67d7
In base 11, what is -52572a + 268?
-525472
In base 15, what is 23b40228 + -5?
23b40223
In base 2, what is 10110010010011010010 + 10101111?
10110010010110000001
In base 8, what is 1630464514 + -3?
1630464511
In base 13, what is 23 + 1cb510?
1cb533
In base 7, what is -5335101222 + 1?
-5335101221
In base 9, what is -2 - 12606727?
-12606730
In base 4, what is 203 + 10120323?
10121132
In base 4, what is 321 - 232002313232?
-232002312311
In base 11, what is -24381 + 350?
-24031
In base 6, what is -300230321 - -13?
-300230304
In base 2, what is 10111110000101010101 + 110000001?
10111110001011010110
In base 13, what is 1596c - -148?
15ab7
In base 2, what is 110001011001110111111101011 - 1000?
110001011001110111111100011
In base 16, what is -3 + 4a91d7?
4a91d4
In base 12, what is 1939274 + -6?
193926a
In base 11, what is 1 - 778477?
-778476
In base 6, what is 4 - -2312453?
2312501
In base 15, what is 4 + 19d0db1?
19d0db5
In base 11, what is 118 - 535662?
-535545
In base 7, what is 351 + -2512651?
-2512300
In base 14, what is -14b042a1 - -4?
-14b0429b
In base 8, what is 30 + -453746?
-453716
In base 3, what is 12100220200222102 - -2?
12100220200222111
In base 8, what is -7711730 - -1?
-7711727
In base 16, what is 92a6ede + 6?
92a6ee4
In base 3, what is 1110010210220222021 + -10?
1110010210220222011
In base 10, what is 14179 + 285?
14464
In base 7, what is 4 + 150642550?
150642554
In base 6, what is -32 - 2335344143?
-2335344215
In base 5, what is 4 - 413444133343?
-413444133334
In base 16, what is a - 17428?
-1741e
In base 8, what is 14 + 4445330?
4445344
In base 6, what is 215344544554 - 0?
215344544554
In base 4, what is -10102200 - -3222230?
-213310
In base 12, what is 23a78a9 - -15?
23a7902
In base 15, what is 616d9 + -385?
61354
In base 5, what is 342323 + -104230?
233043
In base 6, what is -4 - 1231414513?
-1231414521
In base 7, what is 13055 + 142655?
156043
In base 7, what is 413326663 - -11?
413330004
In base 13, what is -28b79a + 88?
-28b712
In base 13, what is 1704b7a - -5?
1704b82
In base 4, what is -121311 - -333213?
211302
In base 15, what is 322b158 + b?
322b164
In base 10, what is -39 - -133982?
133943
In base 15, what is 230b0c + -15a?
2309a2
In base 16, what is bedd16e + -2?
bedd16c
In base 7, what is -23046 + -2465?
-25544
In base 9, what is -150 - -224647?
224487
In base 13, what is -31289a79 - 4?
-31289a80
In base 15, what is ae5e25a + 4?
ae5e25e
In base 9, what is 5084527 - 1?
5084526
In base 9, what is -2301 + -72054?
-74355
In base 4, what is -2 - 3300123100222?
-3300123100230
In base 5, what is -1 + 20004134111?
20004134110
In base 15, what is 2b247 - -30?
2b277
In base 7, what is 33433 + -230563?
-164130
In base 6, what is 31125 + 121141?
152310
In base 5, what is 1221223 - -11311?
1233034
In base 5, what is -3 - -10344433040?
10344433032
In base 8, what is -726 + -55224?
-56152
In base 12, what is 112 + -6531?
-641b
In base 9, what is 18370 - -51?
18431
In base 14, what is 6c - -8a251a?
8a2588
In base 7, what is 15454 - -146356?
165143
In base 5, what is 40033000 + -324?
40032121
In base 12, what is 13426 + 117?
13541
In base 8, what is -134 + 150657?
150523
In base 2, what is -100 - -1111100011001011110001011001?
1111100011001011110001010101
In base 7, what is 1014201455 + -4?
1014201451
In base 15, what is -da + -999a?
-9a85
In base 6, what is -150445212551 - -3?
-150445212544
In base 8, what is -114632553 - 0?
-114632553
In base 10, what is 655 - 36?
619
In base 13, what is -207a - -2c4?
-1a86
In base 3, what is -111222112120111 + -10?
-111222112120121
In base 2, what is -11110000001000 + -1011100111?
-11111011101111
In base 11, what is -41 + 4a5a44?
4a5a03
In base 8, what is 2265676 + 617?
2266515
In base 12, what is 1a77b - 697?
1a0a4
In base 15, what is bcdd81 - -1?
bcdd82
In base 8, what is 1260131 - -452?
1260603
In base 7, what is 625236511 - -1?
625236512
In base 7, what is -232 + 51543314?
51543052
In base 5, what is 0 + 12024023221?
12024023221
In base 2, what is 100111 + 100101000100101?
100101001001100
In base 11, what is -141 - -a6304?
a6173
In base 12, what is -57b28 - -9ab?
-57139
In base 11, what is -1134a072 - -21?
-1134a051
In base 15, what is c0edd + -3?
c0eda
In base 10, what is 54993 